{"id":18,"date":"2026-03-10T09:42:18","date_gmt":"2026-03-10T09:42:18","guid":{"rendered":"https:\/\/dindin-trepavice.com\/?page_id=18"},"modified":"2026-03-16T10:09:46","modified_gmt":"2026-03-16T10:09:46","slug":"o-nama","status":"publish","type":"page","link":"https:\/\/dindin-trepavice.com\/index.php\/o-nama\/","title":{"rendered":"O nama"},"content":{"rendered":"\t\t<div data-elementor-type=\"wp-page\" data-elementor-id=\"18\" class=\"elementor elementor-18\" data-elementor-post-type=\"page\">\n\t\t\t\t\t\t<section class=\"elementor-section elementor-top-section elementor-element elementor-element-7670faf9 elementor-section-boxed elementor-section-height-default elementor-section-height-default\" data-id=\"7670faf9\" data-element_type=\"section\" data-e-type=\"section\" data-settings=\"{&quot;background_background&quot;:&quot;classic&quot;}\">\n\t\t\t\t\t\t<div class=\"elementor-container elementor-column-gap-no\">\n\t\t\t\t\t<div class=\"elementor-column elementor-col-100 elementor-top-column elementor-element elementor-element-2a981c24\" data-id=\"2a981c24\" data-element_type=\"column\" data-e-type=\"column\">\n\t\t\t<div class=\"elementor-widget-wrap elementor-element-populated\">\n\t\t\t\t\t\t<div class=\"elementor-element elementor-element-2fe58e5e elementor-widget-tablet__width-initial elementor-widget-mobile__width-initial elementor-widget elementor-widget-heading\" data-id=\"2fe58e5e\" data-element_type=\"widget\" data-e-type=\"widget\" data-widget_type=\"heading.default\">\n\t\t\t\t\t<h1 class=\"elementor-heading-title elementor-size-default\">O nama<\/h1>\t\t\t\t<\/div>\n\t\t\t\t\t<\/div>\n\t\t<\/div>\n\t\t\t\t\t<\/div>\n\t\t<\/section>\n\t\t\t\t<section class=\"elementor-section elementor-top-section elementor-element elementor-element-2e520967 elementor-section-boxed elementor-section-height-default elementor-section-height-default\" data-id=\"2e520967\" data-element_type=\"section\" data-e-type=\"section\">\n\t\t\t\t\t\t<div class=\"elementor-container elementor-column-gap-default\">\n\t\t\t\t\t<div class=\"elementor-column elementor-col-50 elementor-top-column elementor-element elementor-element-428675a\" data-id=\"428675a\" data-element_type=\"column\" data-e-type=\"column\">\n\t\t\t<div class=\"elementor-widget-wrap elementor-element-populated\">\n\t\t\t\t\t\t<div class=\"elementor-element elementor-element-4e12abab animated-slow elementor-invisible elementor-widget elementor-widget-image\" data-id=\"4e12abab\" data-element_type=\"widget\" data-e-type=\"widget\" data-settings=\"{&quot;_animation&quot;:&quot;fadeInUp&quot;,&quot;_animation_delay&quot;:400}\" data-widget_type=\"image.default\">\n\t\t\t\t\t\t\t\t\t\t\t\t\t\t\t<img fetchpriority=\"high\" decoding=\"async\" width=\"2560\" height=\"1707\" src=\"https:\/\/dindin-trepavice.com\/wp-content\/uploads\/2026\/03\/eyelash-extension-procedure-woman-eye-with-long-e-2026-01-07-06-47-17-utc-scaled.jpg\" class=\"attachment-full size-full wp-image-165\" alt=\"\" srcset=\"https:\/\/dindin-trepavice.com\/wp-content\/uploads\/2026\/03\/eyelash-extension-procedure-woman-eye-with-long-e-2026-01-07-06-47-17-utc-scaled.jpg 2560w, https:\/\/dindin-trepavice.com\/wp-content\/uploads\/2026\/03\/eyelash-extension-procedure-woman-eye-with-long-e-2026-01-07-06-47-17-utc-300x200.jpg 300w, https:\/\/dindin-trepavice.com\/wp-content\/uploads\/2026\/03\/eyelash-extension-procedure-woman-eye-with-long-e-2026-01-07-06-47-17-utc-1024x683.jpg 1024w, https:\/\/dindin-trepavice.com\/wp-content\/uploads\/2026\/03\/eyelash-extension-procedure-woman-eye-with-long-e-2026-01-07-06-47-17-utc-768x512.jpg 768w, https:\/\/dindin-trepavice.com\/wp-content\/uploads\/2026\/03\/eyelash-extension-procedure-woman-eye-with-long-e-2026-01-07-06-47-17-utc-1536x1024.jpg 1536w, https:\/\/dindin-trepavice.com\/wp-content\/uploads\/2026\/03\/eyelash-extension-procedure-woman-eye-with-long-e-2026-01-07-06-47-17-utc-2048x1365.jpg 2048w\" sizes=\"(max-width: 2560px) 100vw, 2560px\" \/>\t\t\t\t\t\t\t\t\t\t\t\t\t\t\t<\/div>\n\t\t\t\t<div class=\"elementor-element elementor-element-7aa67575 animated-slow elementor-invisible elementor-widget elementor-widget-image\" data-id=\"7aa67575\" data-element_type=\"widget\" data-e-type=\"widget\" data-settings=\"{&quot;_animation&quot;:&quot;fadeInUp&quot;,&quot;_animation_delay&quot;:600,&quot;motion_fx_motion_fx_scrolling&quot;:&quot;yes&quot;,&quot;motion_fx_translateY_effect&quot;:&quot;yes&quot;,&quot;motion_fx_translateY_speed&quot;:{&quot;unit&quot;:&quot;px&quot;,&quot;size&quot;:1,&quot;sizes&quot;:[]},&quot;motion_fx_translateY_affectedRange&quot;:{&quot;unit&quot;:&quot;%&quot;,&quot;size&quot;:&quot;&quot;,&quot;sizes&quot;:{&quot;start&quot;:0,&quot;end&quot;:100}},&quot;motion_fx_devices&quot;:[&quot;desktop&quot;,&quot;tablet&quot;,&quot;mobile&quot;]}\" data-widget_type=\"image.default\">\n\t\t\t\t\t\t\t\t\t\t\t\t\t\t\t<img decoding=\"async\" width=\"2560\" height=\"1707\" src=\"https:\/\/dindin-trepavice.com\/wp-content\/uploads\/2026\/03\/eyelash-extension-procedure-woman-eye-with-long-e-2026-01-07-06-47-22-utc-scaled.jpg\" class=\"attachment-full size-full wp-image-166\" alt=\"\" srcset=\"https:\/\/dindin-trepavice.com\/wp-content\/uploads\/2026\/03\/eyelash-extension-procedure-woman-eye-with-long-e-2026-01-07-06-47-22-utc-scaled.jpg 2560w, https:\/\/dindin-trepavice.com\/wp-content\/uploads\/2026\/03\/eyelash-extension-procedure-woman-eye-with-long-e-2026-01-07-06-47-22-utc-300x200.jpg 300w, https:\/\/dindin-trepavice.com\/wp-content\/uploads\/2026\/03\/eyelash-extension-procedure-woman-eye-with-long-e-2026-01-07-06-47-22-utc-1024x683.jpg 1024w, https:\/\/dindin-trepavice.com\/wp-content\/uploads\/2026\/03\/eyelash-extension-procedure-woman-eye-with-long-e-2026-01-07-06-47-22-utc-768x512.jpg 768w, https:\/\/dindin-trepavice.com\/wp-content\/uploads\/2026\/03\/eyelash-extension-procedure-woman-eye-with-long-e-2026-01-07-06-47-22-utc-1536x1024.jpg 1536w, https:\/\/dindin-trepavice.com\/wp-content\/uploads\/2026\/03\/eyelash-extension-procedure-woman-eye-with-long-e-2026-01-07-06-47-22-utc-2048x1365.jpg 2048w\" sizes=\"(max-width: 2560px) 100vw, 2560px\" \/>\t\t\t\t\t\t\t\t\t\t\t\t\t\t\t<\/div>\n\t\t\t\t\t<\/div>\n\t\t<\/div>\n\t\t\t\t<div class=\"elementor-column elementor-col-50 elementor-top-column elementor-element elementor-element-5a080c55\" data-id=\"5a080c55\" data-element_type=\"column\" data-e-type=\"column\">\n\t\t\t<div class=\"elementor-widget-wrap elementor-element-populated\">\n\t\t\t\t\t\t<div class=\"elementor-element elementor-element-12afd9a1 elementor-widget elementor-widget-heading\" data-id=\"12afd9a1\" data-element_type=\"widget\" data-e-type=\"widget\" data-widget_type=\"heading.default\">\n\t\t\t\t\t<h5 class=\"elementor-heading-title elementor-size-default\">O nama<\/h5>\t\t\t\t<\/div>\n\t\t\t\t<div class=\"elementor-element elementor-element-3a95de52 elementor-widget-tablet__width-initial elementor-widget-mobile__width-initial elementor-widget elementor-widget-heading\" data-id=\"3a95de52\" data-element_type=\"widget\" data-e-type=\"widget\" data-widget_type=\"heading.default\">\n\t\t\t\t\t<h2 class=\"elementor-heading-title elementor-size-default\">Profesionalna ugradnja trepavica<\/h2>\t\t\t\t<\/div>\n\t\t\t\t<div class=\"elementor-element elementor-element-12635eab eael-dual-header-content-align-left elementor-widget elementor-widget-eael-dual-color-header\" data-id=\"12635eab\" data-element_type=\"widget\" data-e-type=\"widget\" data-widget_type=\"eael-dual-color-header.default\">\n\t\t\t\t\t\t\t\t<div class=\"eael-dual-header\">\n\t\t\t\t<h2 class=\"title eael-dch-title\"><span class=\"eael-dch-title-text eael-dch-title-lead lead solid-color\"><\/span> <span class=\"eael-dch-title-text\"><\/span><\/h2>\t\t\t\t\t<span class=\"subtext\"><p>U na\u0161em studiju posve\u0107eni smo profesionalnoj ugradnji i nadopuni trepavica uz kori\u0161tenje kvalitetnih i sigurnih materijala. Na\u0161 cilj je naglasiti prirodnu ljepotu o\u010diju i pru\u017eiti klijenticama dugotrajan i uredan rezultat.<\/p><\/span>\n\t\t\t\t\t\t\t<\/div>\n\n\t\t\t\t\t\t<\/div>\n\t\t\t\t\t<\/div>\n\t\t<\/div>\n\t\t\t\t\t<\/div>\n\t\t<\/section>\n\t\t\t\t<section class=\"elementor-section elementor-top-section elementor-element elementor-element-7c06a674 elementor-reverse-tablet elementor-reverse-mobile elementor-section-boxed elementor-section-height-default elementor-section-height-default\" data-id=\"7c06a674\" data-element_type=\"section\" data-e-type=\"section\" data-settings=\"{&quot;background_background&quot;:&quot;classic&quot;}\">\n\t\t\t\t\t\t<div class=\"elementor-container elementor-column-gap-no\">\n\t\t\t\t\t<div class=\"elementor-column elementor-col-50 elementor-top-column elementor-element elementor-element-5ecfc6c8\" data-id=\"5ecfc6c8\" data-element_type=\"column\" data-e-type=\"column\">\n\t\t\t<div class=\"elementor-widget-wrap elementor-element-populated\">\n\t\t\t\t\t\t<div class=\"elementor-element elementor-element-408a306b elementor-widget elementor-widget-heading\" data-id=\"408a306b\" data-element_type=\"widget\" data-e-type=\"widget\" data-widget_type=\"heading.default\">\n\t\t\t\t\t<h5 class=\"elementor-heading-title elementor-size-default\">na\u0161 pristup radu<\/h5>\t\t\t\t<\/div>\n\t\t\t\t<div class=\"elementor-element elementor-element-2b639951 elementor-widget-tablet__width-initial elementor-widget-mobile__width-initial elementor-widget elementor-widget-heading\" data-id=\"2b639951\" data-element_type=\"widget\" data-e-type=\"widget\" data-widget_type=\"heading.default\">\n\t\t\t\t\t<h2 class=\"elementor-heading-title elementor-size-default\">Ljepota koja nagla\u0161ava prirodan izgled<\/h2>\t\t\t\t<\/div>\n\t\t\t\t<div class=\"elementor-element elementor-element-b33aa71 elementor-widget elementor-widget-heading\" data-id=\"b33aa71\" data-element_type=\"widget\" data-e-type=\"widget\" data-widget_type=\"heading.default\">\n\t\t\t\t\t<p class=\"elementor-heading-title elementor-size-default\">U na\u0161em studiju vjerujemo da su lijepo oblikovane trepavice klju\u010d za nagla\u0161avanje prirodne ljepote o\u010diju. Zato koristimo kvalitetne materijale i provjerene tehnike kako bismo postigli prirodan, uredan i dugotrajan rezultat.<\/p>\t\t\t\t<\/div>\n\t\t\t\t<div class=\"elementor-element elementor-element-91f1717 elementor-widget elementor-widget-eael-feature-list\" data-id=\"91f1717\" data-element_type=\"widget\" data-e-type=\"widget\" data-widget_type=\"eael-feature-list.default\">\n\t\t\t\t\t\t\t<div class=\"-icon-position-left -tablet-icon-position-left -mobile-icon-position-left\">\n\t\t\t<ul id=\"eael-feature-list-91f1717\" class=\"eael-feature-list-items rhombus stacked  eael-feature-list-vertical\" data-layout-tablet=\"vertical\" data-layout-mobile=\"vertical\">\n\t\t\t                <li class=\"eael-feature-list-item elementor-repeater-item-34cd99c\">\n                    \n\t\t\t\t\t\t<div class=\"eael-feature-list-icon-box\">\n\t\t\t\t\t\t\t<div class=\"eael-feature-list-icon-inner\">\n\n\t\t\t\t\t\t\t\t<span class=\"eael-feature-list-icon fl-icon-0\">\n\n\t\t<img decoding=\"async\" src=\"https:\/\/dindin-trepavice.com\/wp-content\/uploads\/2026\/03\/51e2a4be-01.png\" class=\"eael-feature-list-img\" alt=\"\">\t\t\t\t\t\t\t\t<\/span>\n\t\t\t\t\t\t\t<\/div>\n\t\t\t\t\t\t<\/div>\n\t\t\t\t\t\t<div class=\"eael-feature-list-content-box\">\n                            <h2 class=\"eael-feature-list-title\">Na\u0161 cilj<\/h2>\t\t\t\t\t\t<p class=\"eael-feature-list-content\">Na\u0161 cilj je pru\u017eiti profesionalnu uslugu u ugodnom i opu\u0161taju\u0107em okru\u017eenju te osigurati da svaka klijentica dobije rezultat koji nagla\u0161ava prirodnu ljepotu o\u010diju.<\/p>\n\t\t\t\t\t\t<\/div>\n\n\t\t\t\t\t<\/li>\n\t\t\t\t                <li class=\"eael-feature-list-item elementor-repeater-item-d0dac0b\">\n                    \n\t\t\t\t\t\t<div class=\"eael-feature-list-icon-box\">\n\t\t\t\t\t\t\t<div class=\"eael-feature-list-icon-inner\">\n\n\t\t\t\t\t\t\t\t<span class=\"eael-feature-list-icon fl-icon-1\">\n\n\t\t<img decoding=\"async\" src=\"https:\/\/dindin-trepavice.com\/wp-content\/uploads\/2026\/03\/267ddac3-02.png\" class=\"eael-feature-list-img\" alt=\"\">\t\t\t\t\t\t\t\t<\/span>\n\t\t\t\t\t\t\t<\/div>\n\t\t\t\t\t\t<\/div>\n\t\t\t\t\t\t<div class=\"eael-feature-list-content-box\">\n                            <h2 class=\"eael-feature-list-title\">Na\u0161a kvaliteta<\/h2>\t\t\t\t\t\t<p class=\"eael-feature-list-content\">Radimo s kvalitetnim i sigurnim materijalima kako bismo osigurali dugotrajan rezultat i za\u0161titili prirodne trepavice.<\/p>\n\t\t\t\t\t\t<\/div>\n\n\t\t\t\t\t<\/li>\n\t\t\t\t                <li class=\"eael-feature-list-item elementor-repeater-item-d811507\">\n                    \n\t\t\t\t\t\t<div class=\"eael-feature-list-icon-box\">\n\t\t\t\t\t\t\t<div class=\"eael-feature-list-icon-inner\">\n\n\t\t\t\t\t\t\t\t<span class=\"eael-feature-list-icon fl-icon-2\">\n\n\t\t<img decoding=\"async\" src=\"https:\/\/dindin-trepavice.com\/wp-content\/uploads\/2026\/03\/19598d63-03.png\" class=\"eael-feature-list-img\" alt=\"\">\t\t\t\t\t\t\t\t<\/span>\n\t\t\t\t\t\t\t<\/div>\n\t\t\t\t\t\t<\/div>\n\t\t\t\t\t\t<div class=\"eael-feature-list-content-box\">\n                            <h2 class=\"eael-feature-list-title\">Individualni pristup<\/h2>\t\t\t\t\t\t<p class=\"eael-feature-list-content\">Svaka klijentica dobiva individualan pristup i savjete za odr\u017eavanje kako bi trepavice ostale lijepe i uredne \u0161to du\u017ee.<\/p>\n\t\t\t\t\t\t<\/div>\n\n\t\t\t\t\t<\/li>\n\t\t\t\t\t\t\t<\/ul>\n\t\t<\/div>\n\t\t\t\t\t\t<\/div>\n\t\t\t\t\t<\/div>\n\t\t<\/div>\n\t\t\t\t<div class=\"elementor-column elementor-col-50 elementor-top-column elementor-element elementor-element-4f3ce7a7\" data-id=\"4f3ce7a7\" data-element_type=\"column\" data-e-type=\"column\">\n\t\t\t<div class=\"elementor-widget-wrap elementor-element-populated\">\n\t\t\t\t\t\t<div class=\"elementor-element elementor-element-4c698bc0 animated-slow elementor-invisible elementor-widget elementor-widget-image\" data-id=\"4c698bc0\" data-element_type=\"widget\" data-e-type=\"widget\" data-settings=\"{&quot;_animation&quot;:&quot;fadeInUp&quot;,&quot;_animation_delay&quot;:400}\" data-widget_type=\"image.default\">\n\t\t\t\t\t\t\t\t\t\t\t\t\t\t\t<img decoding=\"async\" width=\"1707\" height=\"2560\" src=\"https:\/\/dindin-trepavice.com\/wp-content\/uploads\/2026\/03\/beautiful-woman-with-fashionable-make-up-beauty-f-2026-01-07-05-45-29-utc-scaled.jpg\" class=\"attachment-full size-full wp-image-170\" alt=\"\" srcset=\"https:\/\/dindin-trepavice.com\/wp-content\/uploads\/2026\/03\/beautiful-woman-with-fashionable-make-up-beauty-f-2026-01-07-05-45-29-utc-scaled.jpg 1707w, https:\/\/dindin-trepavice.com\/wp-content\/uploads\/2026\/03\/beautiful-woman-with-fashionable-make-up-beauty-f-2026-01-07-05-45-29-utc-200x300.jpg 200w, https:\/\/dindin-trepavice.com\/wp-content\/uploads\/2026\/03\/beautiful-woman-with-fashionable-make-up-beauty-f-2026-01-07-05-45-29-utc-683x1024.jpg 683w, https:\/\/dindin-trepavice.com\/wp-content\/uploads\/2026\/03\/beautiful-woman-with-fashionable-make-up-beauty-f-2026-01-07-05-45-29-utc-768x1152.jpg 768w, https:\/\/dindin-trepavice.com\/wp-content\/uploads\/2026\/03\/beautiful-woman-with-fashionable-make-up-beauty-f-2026-01-07-05-45-29-utc-1024x1536.jpg 1024w, https:\/\/dindin-trepavice.com\/wp-content\/uploads\/2026\/03\/beautiful-woman-with-fashionable-make-up-beauty-f-2026-01-07-05-45-29-utc-1365x2048.jpg 1365w\" sizes=\"(max-width: 1707px) 100vw, 1707px\" \/>\t\t\t\t\t\t\t\t\t\t\t\t\t\t\t<\/div>\n\t\t\t\t\t<\/div>\n\t\t<\/div>\n\t\t\t\t\t<\/div>\n\t\t<\/section>\n\t\t\t\t<section class=\"elementor-section elementor-top-section elementor-element elementor-element-67bb52f9 elementor-section-full_width elementor-section-height-default elementor-section-height-default\" data-id=\"67bb52f9\" data-element_type=\"section\" data-e-type=\"section\">\n\t\t\t\t\t\t<div class=\"elementor-container elementor-column-gap-no\">\n\t\t\t\t\t<div class=\"elementor-column elementor-col-100 elementor-top-column elementor-element elementor-element-22da665c\" data-id=\"22da665c\" data-element_type=\"column\" data-e-type=\"column\">\n\t\t\t<div class=\"elementor-widget-wrap\">\n\t\t\t\t\t\t\t<\/div>\n\t\t<\/div>\n\t\t\t\t\t<\/div>\n\t\t<\/section>\n\t\t\t\t<\/div>\n\t\t","protected":false},"excerpt":{"rendered":"<p>O nama O nama Profesionalna ugradnja trepavica U na\u0161em studiju posve\u0107eni smo profesionalnoj ugradnji i nadopuni trepavica uz kori\u0161tenje kvalitetnih i sigurnih materijala. Na\u0161 cilj je naglasiti prirodnu ljepotu o\u010diju i pru\u017eiti klijenticama dugotrajan i uredan rezultat. na\u0161 pristup radu Ljepota koja nagla\u0161ava prirodan izgled U na\u0161em studiju vjerujemo da su lijepo oblikovane trepavice klju\u010d [&hellip;]<\/p>\n","protected":false},"author":1,"featured_media":0,"parent":0,"menu_order":0,"comment_status":"closed","ping_status":"closed","template":"elementor_header_footer","meta":{"footnotes":""},"class_list":["post-18","page","type-page","status-publish","hentry"],"_links":{"self":[{"href":"https:\/\/dindin-trepavice.com\/index.php\/wp-json\/wp\/v2\/pages\/18","targetHints":{"allow":["GET"]}}],"collection":[{"href":"https:\/\/dindin-trepavice.com\/index.php\/wp-json\/wp\/v2\/pages"}],"about":[{"href":"https:\/\/dindin-trepavice.com\/index.php\/wp-json\/wp\/v2\/types\/page"}],"author":[{"embeddable":true,"href":"https:\/\/dindin-trepavice.com\/index.php\/wp-json\/wp\/v2\/users\/1"}],"replies":[{"embeddable":true,"href":"https:\/\/dindin-trepavice.com\/index.php\/wp-json\/wp\/v2\/comments?post=18"}],"version-history":[{"count":16,"href":"https:\/\/dindin-trepavice.com\/index.php\/wp-json\/wp\/v2\/pages\/18\/revisions"}],"predecessor-version":[{"id":173,"href":"https:\/\/dindin-trepavice.com\/index.php\/wp-json\/wp\/v2\/pages\/18\/revisions\/173"}],"wp:attachment":[{"href":"https:\/\/dindin-trepavice.com\/index.php\/wp-json\/wp\/v2\/media?parent=18"}],"curies":[{"name":"wp","href":"https:\/\/api.w.org\/{rel}","templated":true}]}}